 a multiple of 4?
False
Let i = -9 - -14. Suppose -5 = -b, -i*b - 97 = -5*u + 28. Does 10 divide u?
True
Let y = -25 + 90. Does 5 divide y?
True
Suppose 3*o + 5 = -1. Let g be (15/6)/(o/(-28)). Let n = -20 + g. Does 12 divide n?
False
Let q = 6 + -4. Suppose q*a = -a - 5*l + 15, 0 = -l. Is 5 a factor of a?
True
Let o(z) = -z**2 - 6*z - 1. Let w = 14 + -4. Suppose -4*t + 10 = 2*n - 0*t, n = t - w. Is 4 a factor of o(n)?
True
Let z(f) = -5*f**3 + 7*f**2 - 13*f - 5. Let o(t) = 6*t**3 - 7*t**2 + 14*t + 5. Let m(n) = 6*o(n) + 7*z(n). Does 10 divide m(-7)?
False
Let x(y) = -y**2 + 4*y + 1. Let i be x(4). Suppose 4*v - 2*j - 11 = 11, 4*v - 25 = j. Suppose -v = -c + i. Is c a multiple of 8?
True
Suppose 7 - 3 = 4*y. Suppose -4*v + 11 = -y. Suppose n - 5*x - 8 = 0, -6*n = -n + v*x - 152. Does 14 divide n?
True
Suppose -m + 3 = -2*m. Let x = m + 6. Suppose 3*a - a - 25 = -5*s, x*a + 22 = s. Is s a multiple of 3?
False
Let y be (1 + 0 + -1)/1. Suppose y = -5*n + 5*h + 520, n + 0*h - 4*h - 113 = 0. Does 17 divide 6/18 + n/3?
True
Let m be (-18)/(-4)*(-9 + 33). Suppose 3*a = -2*b + 184, 3*a - 282 = 3*b - m. Is 12 a factor of a?
True
Let v = 2 + -3. Let n(d) = 75*d**2 - d. Let w be n(v). Suppose -2*m - m + 3*h + 108 = 0, -w = -3*m - 5*h. Does 13 divide m?
False
Suppose s - 3*m - 21 = 13, 0 = s + m - 54. Is 16 a factor of s?
False
Let g = 125 - 55. Is 14 a factor of g?
True
Let f = 159 + -110. Is 13 a factor of f?
False
Suppose 0*n - 3*n = -45. Suppose -r - n = -4*r. Suppose -r*s = 5*v - 6*v + 29, 61 = 5*v + 3*s. Is 7 a factor of v?
True
Let p = -12 - -33. Is 9 a factor of p?
False
Suppose -4*l - 8 = 16. Let k = l + 10. Suppose -5*f - 4*b = -97, -k*f + 2*f = -2*b - 46. Is 6 a factor of f?
False
Let g(n) = n**2 + n - 1. Let o be g(2). Suppose -o*d + 30 = 5*z, 0*d - 4*z = 3*d - 17. Suppose d = -2*t + 29. Does 11 divide t?
True
Let d(s) = s**3 - 8*s**2 + 8. Let t be d(8). Let b be (4 - 0)*(0 + 1). Suppose c + 13 = -b*n, 3*n + 7 = -t. Is c a multiple of 4?
False
Let a be ((-122)/(-6))/(6/36). Let t = a - 73. Is 10 a factor of t?
False
Suppose 0*v + 4*v = 144. Does 9 divide v?
True
Suppose 40*c - 43*c + 648 = 0. Does 27 divide c?
True
Suppose k + 1 = 3. Suppose 5*y - 102 = 2*p, 2*y + 5*p - k = 33. Is 10 a factor of y?
True
Let i(g) = g**2 - 9*g - 15. Let v be i(11). Let l = v + -10. Let o(f) = -4*f. Is 12 a factor of o(l)?
True
Suppose 5*h + 65 = 10. Let t = h - -25. Is t a multiple of 14?
True
Let a(r) = -20*r + 2. Let f(s) = 7*s - 1. Let k(i) = -6*a(i) - 17*f(i). Let b be k(-4). Suppose b = -g + 22. Is g a multiple of 17?
False
Suppose 4*p = -2*p + 108. Is p a multiple of 7?
False
Suppose 0*w + 3*f = 5*w - 161, -65 = -2*w + f. Does 17 divide w?
True
Let b = -5 + 9. Let t(l) = 2 - 6 + 2 + b*l. Is t(3) a multiple of 5?
True
Let f = 1 + 0. Let h(i) = 5*i**3 - i**2 - i + 1. Let q be h(f). Suppose -2*t + q*t - 3*o - 109 = 0, -t + 4*o + 57 = 0. Does 18 divide t?
False
Let r(v) = -v**3 - 5*v**2 + 7*v + 8. Let l be r(-6). Suppose -4*y = 4, l*y = -4*t + 55 - 17. Is 9 a factor of t?
False
Let i = -159 + 245. Does 8 divide i?
False
Let u(o) = o**3 - 8*o**2 + 7*o + 3. Let s be u(7). Suppose 5*v - y = 5, -s*y + 20 = y. Does 2 divide v?
True
Let x(v) = v**2 - 3*v + 17. Does 15 divide x(7)?
True
Suppose 0 = -4*z - m + 293, -4*m = 3*z - 3*m - 219. Suppose -a = 4*c - z, -4*a + 0*c = -c - 211. Is 18 a factor of a?
True
Let d be (-20)/6*(-18)/10. Suppose -2*x - 172 = -d*x. Is x a multiple of 15?
False
Suppose -5*u = -4*v - 280, -2*u + u + 80 = 4*v. Does 14 divide u?
False
Let y(p) = -2*p**3 + p. Is y(-2) a multiple of 3?
False
Suppose 2 = 2*r - 12. Is 4/14 + 201/r a multiple of 12?
False
Suppose -4*q = -12 - 8. Suppose 66 = q*g + 11. Does 4 divide g?
False
Suppose 2*c = 6*c + 16. Let q = c - -7. Suppose q*a + 10 = 64. Is a a multiple of 9?
True
Suppose -4*n + 58 = 5*t - 7, -5*n - 3*t + 65 = 0. Is n a multiple of 5?
True
Let c(n) = -3 + 11*n + 0 + 2. Let z be c(3). Is -1 + 0 - (1 - z) a multiple of 22?
False
Suppose 17 = -5*i + c, 2*i = 6*i + 2*c + 22. Let a(m) = m**3 + 7*m**2 + 2*m + 3. Is 19 a factor of a(i)?
False
Let n be (300/24)/(1/(-2)). Does 2 divide (12/(-10))/(10/n)?
False
Let o be -25 + (-1 - 0)/(-1). Is (o/5)/((-7)/35) a multiple of 20?
False
Let w = -2 - 5. Let c(o) = -1 + 1 - 4 - o. Does 3 divide c(w)?
True
Let p = -8 - -13. Suppose -3*g + 57 = 4*i, p*i - 76 = -g - 3*g. Is g a multiple of 19?
True
Suppose 0 = -4*r + 12, -8*d + 2*r = -4*d - 202. Is d a multiple of 19?
False
Suppose 0 = -13*y + 17*y - 216. Is 6 a factor of y?
True
Suppose a - 28 = -4*s, 3*a + 2*a - 12 = -4*s. Suppose 4*p = s*p - 184. Let c = 94 - p. Is 16 a factor of c?
True
Does 24 divide 66/(-4)*-10*(-10)/(-15)?
False
Suppose 3*u - 104 = -2. Suppose -5*f + 4*f = -u. Is 13 a factor of f?
False
Let h(g) = 21*g**2 + 3*g - 3. Does 39 divide h(3)?
True
Is 13 a factor of 3/(6/(-4)) + (-1115)/(-5)?
True
Suppose 2*z + z + 44 = 5*q, 3*z = -3*q + 36. Let s = 47 + -51. Let t = q + s. Is t a multiple of 6?
True
Suppose 3*q - 2*j + 7*j - 326 = 0, 0 = -5*q + 3*j + 566. Is 58 a factor of q?
False
Let c be 4/6 + (-3)/(-9). Let w(p) = 62*p**3 + 2*p**2 - p. Is w(c) a multiple of 14?
False
Let t = 19 + -29. Let f = t + 70. Is f a multiple of 30?
True
Let r = -98 + 65. Suppose 2*c = 2*h + 102, 55 = c - h - 2*h. Let u = c + r. Is 8 a factor of u?
True
Let l(h) = 8*h. Let q be l(2). Let v = q - 6. Is 5 a factor of v?
True
Let o = 56 + 55. Is o a multiple of 14?
False
Suppose 2*s = -o - 0*o - 7, -3*s - 12 = 0. Let c = 4 + o. Suppose -2*x + 4*p = -5*x, 4*x - 1 = -c*p. Is 2 a factor of x?
True
Let z = 81 + -40. Is z a multiple of 17?
False
Let t = 2 - 5. Let i = t - -8. Suppose -i*l + 45 = -3*l - x, -36 = -l + 5*x. Is l a multiple of 21?
True
Let j(o) = 17*o**2 - o + 2. Let c be j(2). Let f be (c/(-2))/(-1 - -3). Let q = f + 32. Is q a multiple of 5?
True
Suppose -w = -7*w + 228. Does 8 divide w?
False
Suppose -3*y = 5*n - 15, 3*n - 5*y - 15 = -2*n. Suppose n*k + 2*k = 25. Suppose -102 = -k*o + 2*b, -96 = -5*o + 2*b - 6*b. Is 10 a factor of o?
True
Is 10 a factor of 62 + -7 + 3 + 7?
False
Let f(p) = -2*p**3 - p**2. Let q be f(-1). Let j = q - -1. Is 2 a factor of j?
True
Suppose m + 3 + 1 = 0. Let o(g) = -g + 4. Does 6 divide o(m)?
False
Suppose 4*q - 3 - 1 = 0. Suppose -q = -3*f + 5. Suppose 0 = -0*z - f*z + 28. Does 14 divide z?
True
Let t(n) = -n**2 + 14*n - 3. Is 4 a factor of t(13)?
False
Let j = -43 + 81. Does 6 divide j?
False
Let f = 27 + 9. Let t be (-2 - -6)*158/8. Suppose r + f = p + 11, -3*p + 4*r = -t. Does 9 divide p?
False
Suppose 87 = i + 3*l, i - 111 + 34 = 2*l. Is i a multiple of 3?
True
Does 8 divide -85*(111/(-135) + 6/27)?
False
Let i be (-76)/(-18) - (-2)/(-9). Suppose -i*z + 130 = z. Is z a multiple of 13?
True
Let g(a) = 13*a - 2. Let c be g(3). Suppose 2*s + 364 = 5*l, -210 = -3*l - 3*s - 0*s. Let n = l - c. Is 12 a factor of n?
False
Let g = -5 - -6. Let u(r) be the first derivative of 4*r**2 - r + 3. Does 6 divide u(g)?
False
Let f = 492 + -289. Suppose 5*q + 0*w = -w + f, -3*w = q - 49. Is q a multiple of 9?
False
Suppose 0*d - 3*d = 18. Is 15 a factor of 12*(75/d)/(-5)?
True
Let k(y) be the second derivative of y**5/12 - y**4/12 - y**3/6 + 3*y. Let j(u) be the second derivative of k(u). Does 13 divide j(2)?
False
Suppose 0 = 4*o - 3*r - 512, -2*o + 110 + 146 = 3*r. Does 16 divide o?
True
Let i(k) be the third derivative of k**6/120 - k**5/10 + k**4/12 - k**3/6 + 4*k**2. Suppose f = -3*v - 1 + 10, -3*f - 4*v = -22. Does 11 divide i(f)?
True
Let p = 13 - 9. Suppose 0*m - p*k + 14 = 2*m, -4*k - 40 = -4*m. Is m a multiple of 3?
True
Suppose -4*b = -2*y - 66, -3*y = -0*y - 3. Let s = -10 + b. Is 4 a factor of s?
False
Suppose -3*i + 36 = -15. Is 13 a factor of i + 2*(-3)/6?
False
Let i(q) = -3*q**2 + 41. Let o(l) = 4*l**2 - 42. Let w(f) = 3*i(f) + 2*o(f). Is w(0) a multiple of 12?
False
Suppose 3 = n + 2*n. Let m be (2 + -1)*-2 + n. Does 11 divide (2 - -5)*3 - m?
True
Let t(k) = -k**3 - 8*k**2 + 9. Is 9 a factor of t(-8)?
True
Suppose 0 = -3*h - 2*x + 59, -2*h + x + 11 + 26 = 0. Suppose 0 = -5*z + 5*s + 40, 4*s - 59 + h = -2*z. Is z a multiple of 4?
True
Let y(j) = 28*j + 17. Let h(q) = -42*q - 26. Let d(o) = -5*h(o) - 8*y(o). Let u be d(-6). Suppose u = -2*s + 5*s. Is s a multiple of 13?
True
Su